{"id":29,"date":"2023-05-24T17:04:30","date_gmt":"2023-05-24T17:04:30","guid":{"rendered":"https:\/\/masajesensitges.com\/?page_id=29"},"modified":"2023-05-24T17:09:46","modified_gmt":"2023-05-24T17:09:46","slug":"en-construccion","status":"publish","type":"page","link":"https:\/\/masajesensitges.com\/index.php\/en-construccion\/","title":{"rendered":"En Construcci\u00f3n"},"content":{"rendered":"\t\t<div data-elementor-type=\"wp-page\" data-elementor-id=\"29\" class=\"elementor elementor-29\">\n\t\t\t\t\t\t\t\t\t<section class=\"elementor-section elementor-top-section elementor-element elementor-element-765fb14 elementor-section-height-full elementor-section-content-middle elementor-section-full_width elementor-section-items-stretch elementor-reverse-mobile elementor-section-height-default\" data-id=\"765fb14\" data-element_type=\"section\" data-settings=\"{&quot;background_background&quot;:&quot;classic&quot;}\">\n\t\t\t\t\t\t<div class=\"elementor-container elementor-column-gap-default\">\n\t\t\t\t\t<div class=\"elementor-column elementor-col-50 elementor-top-column elementor-element elementor-element-340bd351\" data-id=\"340bd351\" data-element_type=\"column\">\n\t\t\t<div class=\"elementor-widget-wrap elementor-element-populated\">\n\t\t\t\t\t\t\t\t<div class=\"elementor-element elementor-element-b287a1d elementor-widget elementor-widget-heading\" data-id=\"b287a1d\" data-element_type=\"widget\" data-widget_type=\"heading.default\">\n\t\t\t\t<div class=\"elementor-widget-container\">\n\t\t\t<style>\/*! elementor - v3.18.0 - 20-12-2023 *\/\n.elementor-heading-title{padding:0;margin:0;line-height:1}.elementor-widget-heading .elementor-heading-title[class*=elementor-size-]>a{color:inherit;font-size:inherit;line-height:inherit}.elementor-widget-heading .elementor-heading-title.elementor-size-small{font-size:15px}.elementor-widget-heading .elementor-heading-title.elementor-size-medium{font-size:19px}.elementor-widget-heading .elementor-heading-title.elementor-size-large{font-size:29px}.elementor-widget-heading .elementor-heading-title.elementor-size-xl{font-size:39px}.elementor-widget-heading .elementor-heading-title.elementor-size-xxl{font-size:59px}<\/style><h2 class=\"elementor-heading-title elementor-size-default\">\u00a1Prep\u00e1rate para lo que viene! <\/h2>\t\t<\/div>\n\t\t\t\t<\/div>\n\t\t\t\t<div class=\"elementor-element elementor-element-60b8e36 elementor-widget elementor-widget-heading\" data-id=\"60b8e36\" data-element_type=\"widget\" data-widget_type=\"heading.default\">\n\t\t\t\t<div class=\"elementor-widget-container\">\n\t\t\t<h3 class=\"elementor-heading-title elementor-size-default\">Nuestra p\u00e1gina web est\u00e1 en construcci\u00f3n, pronto tendr\u00e1s acceso a algo sorprendente. <br><br>\u00a1Espera lo inesperado! <\/h3>\t\t<\/div>\n\t\t\t\t<\/div>\n\t\t\t\t<div class=\"elementor-element elementor-element-641033c9 elementor-align-center elementor-widget elementor-widget-button\" data-id=\"641033c9\" data-element_type=\"widget\" data-widget_type=\"button.default\">\n\t\t\t\t<div class=\"elementor-widget-container\">\n\t\t\t\t\t<div class=\"elementor-button-wrapper\">\n\t\t\t<a class=\"elementor-button elementor-button-link elementor-size-lg\" href=\"https:\/\/api.whatsapp.com\/send?phone=+34615200429&#038;text=Hola%20Jos%C3%A9!%20Necesito%20un%20masaje...\">\n\t\t\t\t\t\t<span class=\"elementor-button-content-wrapper\">\n\t\t\t\t\t\t<span class=\"elementor-button-text\">Pide tu cita aqu\u00ed<\/span>\n\t\t<\/span>\n\t\t\t\t\t<\/a>\n\t\t<\/div>\n\t\t\t\t<\/div>\n\t\t\t\t<\/div>\n\t\t\t\t\t<\/div>\n\t\t<\/div>\n\t\t\t\t<div class=\"elementor-column elementor-col-50 elementor-top-column elementor-element elementor-element-65a37fc\" data-id=\"65a37fc\" data-element_type=\"column\" data-settings=\"{&quot;background_background&quot;:&quot;classic&quot;}\">\n\t\t\t<div class=\"elementor-widget-wrap elementor-element-populated\">\n\t\t\t\t\t\t\t\t<div class=\"elementor-element elementor-element-7b543aff elementor-widget elementor-widget-spacer\" data-id=\"7b543aff\" data-element_type=\"widget\" data-widget_type=\"spacer.default\">\n\t\t\t\t<div class=\"elementor-widget-container\">\n\t\t\t<style>\/*! elementor - v3.18.0 - 20-12-2023 *\/\n.elementor-column .elementor-spacer-inner{height:var(--spacer-size)}.e-con{--container-widget-width:100%}.e-con-inner>.elementor-widget-spacer,.e-con>.elementor-widget-spacer{width:var(--container-widget-width,var(--spacer-size));--align-self:var(--container-widget-align-self,initial);--flex-shrink:0}.e-con-inner>.elementor-widget-spacer>.elementor-widget-container,.e-con>.elementor-widget-spacer>.elementor-widget-container{height:100%;width:100%}.e-con-inner>.elementor-widget-spacer>.elementor-widget-container>.elementor-spacer,.e-con>.elementor-widget-spacer>.elementor-widget-container>.elementor-spacer{height:100%}.e-con-inner>.elementor-widget-spacer>.elementor-widget-container>.elementor-spacer>.elementor-spacer-inner,.e-con>.elementor-widget-spacer>.elementor-widget-container>.elementor-spacer>.elementor-spacer-inner{height:var(--container-widget-height,var(--spacer-size))}.e-con-inner>.elementor-widget-spacer.elementor-widget-empty,.e-con>.elementor-widget-spacer.elementor-widget-empty{position:relative;min-height:22px;min-width:22px}.e-con-inner>.elementor-widget-spacer.elementor-widget-empty .elementor-widget-empty-icon,.e-con>.elementor-widget-spacer.elementor-widget-empty .elementor-widget-empty-icon{position:absolute;top:0;bottom:0;left:0;right:0;margin:auto;padding:0;width:22px;height:22px}<\/style>\t\t<div class=\"elementor-spacer\">\n\t\t\t<div class=\"elementor-spacer-inner\"><\/div>\n\t\t<\/div>\n\t\t\t\t<\/div>\n\t\t\t\t<\/div>\n\t\t\t\t\t<\/div>\n\t\t<\/div>\n\t\t\t\t\t\t\t<\/div>\n\t\t<\/section>\n\t\t\t\t\t\t\t<\/div>\n\t\t","protected":false},"excerpt":{"rendered":"<p>\u00a1Prep\u00e1rate para lo que viene! Nuestra p\u00e1gina web est\u00e1 en construcci\u00f3n, pronto tendr\u00e1s acceso a algo sorprendente. \u00a1Espera lo inesperado! Pide tu cita aqu\u00ed<\/p>\n","protected":false},"author":1,"featured_media":0,"parent":0,"menu_order":0,"comment_status":"closed","ping_status":"closed","template":"","meta":{"site-sidebar-layout":"no-sidebar","site-content-layout":"page-builder","ast-global-header-display":"","ast-banner-title-visibility":"","ast-main-header-display":"","ast-hfb-above-header-display":"","ast-hfb-below-header-display":"","ast-hfb-mobile-header-display":"","site-post-title":"disabled","ast-breadcrumbs-content":"","ast-featured-img":"disabled","footer-sml-layout":"","theme-transparent-header-meta":"","adv-header-id-meta":"","stick-header-meta":"","header-above-stick-meta":"","header-main-stick-meta":"","header-below-stick-meta":"","footnotes":""},"class_list":["post-29","page","type-page","status-publish","hentry"],"yoast_head":"<!-- This site is optimized with the Yoast SEO plugin v21.9.1 - https:\/\/yoast.com\/wordpress\/plugins\/seo\/ -->\n<title>En Construcci\u00f3n - Masajes en Sitjes<\/title>\n<meta name=\"robots\" content=\"index, follow, max-snippet:-1, max-image-preview:large, max-video-preview:-1\" \/>\n<link rel=\"canonical\" href=\"https:\/\/masajesensitges.com\/index.php\/en-construccion\/\" \/>\n<meta property=\"og:locale\" content=\"es_ES\" \/>\n<meta property=\"og:type\" content=\"article\" \/>\n<meta property=\"og:title\" content=\"En Construcci\u00f3n - Masajes en Sitjes\" \/>\n<meta property=\"og:description\" content=\"\u00a1Prep\u00e1rate para lo que viene! Nuestra p\u00e1gina web est\u00e1 en construcci\u00f3n, pronto tendr\u00e1s acceso a algo sorprendente. \u00a1Espera lo inesperado! Pide tu cita aqu\u00ed\" \/>\n<meta property=\"og:url\" content=\"https:\/\/masajesensitges.com\/index.php\/en-construccion\/\" \/>\n<meta property=\"og:site_name\" content=\"Masajes en Sitjes\" \/>\n<meta property=\"article:modified_time\" content=\"2023-05-24T17:09:46+00:00\" \/>\n<meta name=\"twitter:card\" content=\"summary_large_image\" \/>\n<script type=\"application\/ld+json\" class=\"yoast-schema-graph\">{\"@context\":\"https:\/\/schema.org\",\"@graph\":[{\"@type\":\"WebPage\",\"@id\":\"https:\/\/masajesensitges.com\/index.php\/en-construccion\/\",\"url\":\"https:\/\/masajesensitges.com\/index.php\/en-construccion\/\",\"name\":\"En Construcci\u00f3n - Masajes en Sitjes\",\"isPartOf\":{\"@id\":\"https:\/\/masajesensitges.com\/#website\"},\"datePublished\":\"2023-05-24T17:04:30+00:00\",\"dateModified\":\"2023-05-24T17:09:46+00:00\",\"breadcrumb\":{\"@id\":\"https:\/\/masajesensitges.com\/index.php\/en-construccion\/#breadcrumb\"},\"inLanguage\":\"es\",\"potentialAction\":[{\"@type\":\"ReadAction\",\"target\":[\"https:\/\/masajesensitges.com\/index.php\/en-construccion\/\"]}]},{\"@type\":\"BreadcrumbList\",\"@id\":\"https:\/\/masajesensitges.com\/index.php\/en-construccion\/#breadcrumb\",\"itemListElement\":[{\"@type\":\"ListItem\",\"position\":1,\"name\":\"Portada\",\"item\":\"https:\/\/masajesensitges.com\/\"},{\"@type\":\"ListItem\",\"position\":2,\"name\":\"En Construcci\u00f3n\"}]},{\"@type\":\"WebSite\",\"@id\":\"https:\/\/masajesensitges.com\/#website\",\"url\":\"https:\/\/masajesensitges.com\/\",\"name\":\"Masajes en Sitjes\",\"description\":\"Salud Hol\u00edstica Integrativa\",\"publisher\":{\"@id\":\"https:\/\/masajesensitges.com\/#organization\"},\"potentialAction\":[{\"@type\":\"SearchAction\",\"target\":{\"@type\":\"EntryPoint\",\"urlTemplate\":\"https:\/\/masajesensitges.com\/?s={search_term_string}\"},\"query-input\":\"required name=search_term_string\"}],\"inLanguage\":\"es\"},{\"@type\":\"Organization\",\"@id\":\"https:\/\/masajesensitges.com\/#organization\",\"name\":\"Masajes en Sitjes\",\"url\":\"https:\/\/masajesensitges.com\/\",\"logo\":{\"@type\":\"ImageObject\",\"inLanguage\":\"es\",\"@id\":\"https:\/\/masajesensitges.com\/#\/schema\/logo\/image\/\",\"url\":\"\",\"contentUrl\":\"\",\"caption\":\"Masajes en Sitjes\"},\"image\":{\"@id\":\"https:\/\/masajesensitges.com\/#\/schema\/logo\/image\/\"}}]}<\/script>\n<!-- \/ Yoast SEO plugin. -->","yoast_head_json":{"title":"En Construcci\u00f3n - Masajes en Sitjes","robots":{"index":"index","follow":"follow","max-snippet":"max-snippet:-1","max-image-preview":"max-image-preview:large","max-video-preview":"max-video-preview:-1"},"canonical":"https:\/\/masajesensitges.com\/index.php\/en-construccion\/","og_locale":"es_ES","og_type":"article","og_title":"En Construcci\u00f3n - Masajes en Sitjes","og_description":"\u00a1Prep\u00e1rate para lo que viene! Nuestra p\u00e1gina web est\u00e1 en construcci\u00f3n, pronto tendr\u00e1s acceso a algo sorprendente. \u00a1Espera lo inesperado! Pide tu cita aqu\u00ed","og_url":"https:\/\/masajesensitges.com\/index.php\/en-construccion\/","og_site_name":"Masajes en Sitjes","article_modified_time":"2023-05-24T17:09:46+00:00","twitter_card":"summary_large_image","schema":{"@context":"https:\/\/schema.org","@graph":[{"@type":"WebPage","@id":"https:\/\/masajesensitges.com\/index.php\/en-construccion\/","url":"https:\/\/masajesensitges.com\/index.php\/en-construccion\/","name":"En Construcci\u00f3n - Masajes en Sitjes","isPartOf":{"@id":"https:\/\/masajesensitges.com\/#website"},"datePublished":"2023-05-24T17:04:30+00:00","dateModified":"2023-05-24T17:09:46+00:00","breadcrumb":{"@id":"https:\/\/masajesensitges.com\/index.php\/en-construccion\/#breadcrumb"},"inLanguage":"es","potentialAction":[{"@type":"ReadAction","target":["https:\/\/masajesensitges.com\/index.php\/en-construccion\/"]}]},{"@type":"BreadcrumbList","@id":"https:\/\/masajesensitges.com\/index.php\/en-construccion\/#breadcrumb","itemListElement":[{"@type":"ListItem","position":1,"name":"Portada","item":"https:\/\/masajesensitges.com\/"},{"@type":"ListItem","position":2,"name":"En Construcci\u00f3n"}]},{"@type":"WebSite","@id":"https:\/\/masajesensitges.com\/#website","url":"https:\/\/masajesensitges.com\/","name":"Masajes en Sitjes","description":"Salud Hol\u00edstica Integrativa","publisher":{"@id":"https:\/\/masajesensitges.com\/#organization"},"potentialAction":[{"@type":"SearchAction","target":{"@type":"EntryPoint","urlTemplate":"https:\/\/masajesensitges.com\/?s={search_term_string}"},"query-input":"required name=search_term_string"}],"inLanguage":"es"},{"@type":"Organization","@id":"https:\/\/masajesensitges.com\/#organization","name":"Masajes en Sitjes","url":"https:\/\/masajesensitges.com\/","logo":{"@type":"ImageObject","inLanguage":"es","@id":"https:\/\/masajesensitges.com\/#\/schema\/logo\/image\/","url":"","contentUrl":"","caption":"Masajes en Sitjes"},"image":{"@id":"https:\/\/masajesensitges.com\/#\/schema\/logo\/image\/"}}]}},"jetpack_sharing_enabled":true,"_links":{"self":[{"href":"https:\/\/masajesensitges.com\/index.php\/wp-json\/wp\/v2\/pages\/29","targetHints":{"allow":["GET"]}}],"collection":[{"href":"https:\/\/masajesensitges.com\/index.php\/wp-json\/wp\/v2\/pages"}],"about":[{"href":"https:\/\/masajesensitges.com\/index.php\/wp-json\/wp\/v2\/types\/page"}],"author":[{"embeddable":true,"href":"https:\/\/masajesensitges.com\/index.php\/wp-json\/wp\/v2\/users\/1"}],"replies":[{"embeddable":true,"href":"https:\/\/masajesensitges.com\/index.php\/wp-json\/wp\/v2\/comments?post=29"}],"version-history":[{"count":5,"href":"https:\/\/masajesensitges.com\/index.php\/wp-json\/wp\/v2\/pages\/29\/revisions"}],"predecessor-version":[{"id":36,"href":"https:\/\/masajesensitges.com\/index.php\/wp-json\/wp\/v2\/pages\/29\/revisions\/36"}],"wp:attachment":[{"href":"https:\/\/masajesensitges.com\/index.php\/wp-json\/wp\/v2\/media?parent=29"}],"curies":[{"name":"wp","href":"https:\/\/api.w.org\/{rel}","templated":true}]}}